{"id":1015,"date":"2016-02-18T15:08:03","date_gmt":"2016-02-18T14:08:03","guid":{"rendered":"https:\/\/getgrip.de\/blog\/?page_id=1015"},"modified":"2016-02-18T15:25:34","modified_gmt":"2016-02-18T14:25:34","slug":"danke-fuer-die-bestaetigung","status":"publish","type":"page","link":"https:\/\/getgrip.de\/blog\/danke-fuer-die-bestaetigung\/","title":{"rendered":"Danke f\u00fcr die Best\u00e4tigung"},"content":{"rendered":"<p>&nbsp;<\/p>\n<p>Die drei beliebtesten Artikel im Grip-Blog:<\/p>\n<ul>\n<li><a href=\"https:\/\/getgrip.de\/blog\/wie-schreibt-man-ein-uberzeugendes-webdesign-angebot\/\">Wie schreibt man ein \u00fcberzeugendes Webdesign-Angebot?<\/a><\/li>\n<li><a href=\"https:\/\/getgrip.de\/blog\/fuer-webworker\/auftraege-und-jobs-fuer-webdesigner-webentwickler-programmierer-und-mehr\/\">Auftr\u00e4ge und Jobs f\u00fcr Webdesigner, Webentwickler, Programmierer und mehr<\/a><\/li>\n<li><a href=\"https:\/\/getgrip.de\/blog\/schlechte-kunden-erkennen-und-zur-hoelle-schicken-so-machen-das-die-profis\/\">Schlechte Kunden erkennen und zur H\u00f6lle schicken: So machen das die Profis<\/a><\/li>\n<\/ul>\n<p>&nbsp;<\/p>\n<p>&nbsp;<\/p>\n","protected":false},"excerpt":{"rendered":"<p>&nbsp; Die drei beliebtesten Artikel im Grip-Blog: Wie schreibt man ein \u00fcberzeugendes Webdesign-Angebot? Auftr\u00e4ge und Jobs f\u00fcr Webdesigner, Webentwickler, Programmierer und mehr Schlechte Kunden erkennen und zur H\u00f6lle schicken: So (&hellip;) <a href=\"https:\/\/getgrip.de\/blog\/danke-fuer-die-bestaetigung\/\">Weiterlesen<\/a><\/p>\n","protected":false},"author":1,"featured_media":0,"parent":0,"menu_order":0,"comment_status":"closed","ping_status":"closed","template":"","meta":{"footnotes":""},"class_list":["post-1015","page","type-page","status-publish","hentry"],"yoast_head":"<!-- This site is optimized with the Yoast SEO plugin v27.4 - https:\/\/yoast.com\/product\/yoast-seo-wordpress\/ -->\n<title>Danke f\u00fcr die Best\u00e4tigung - Grip Blog<\/title>\n<meta name=\"robots\" content=\"index, follow, max-snippet:-1, max-image-preview:large, max-video-preview:-1\" \/>\n<link rel=\"canonical\" href=\"https:\/\/getgrip.de\/blog\/danke-fuer-die-bestaetigung\/\" \/>\n<meta property=\"og:locale\" content=\"de_DE\" \/>\n<meta property=\"og:type\" content=\"article\" \/>\n<meta property=\"og:title\" content=\"Danke f\u00fcr die Best\u00e4tigung - Grip Blog\" \/>\n<meta property=\"og:description\" content=\"&nbsp; Die drei beliebtesten Artikel im Grip-Blog: Wie schreibt man ein \u00fcberzeugendes Webdesign-Angebot? Auftr\u00e4ge und Jobs f\u00fcr Webdesigner, Webentwickler, Programmierer und mehr Schlechte Kunden erkennen und zur H\u00f6lle schicken: So (&hellip;) Weiterlesen\" \/>\n<meta property=\"og:url\" content=\"https:\/\/getgrip.de\/blog\/danke-fuer-die-bestaetigung\/\" \/>\n<meta property=\"og:site_name\" content=\"Grip Blog\" \/>\n<meta property=\"article:publisher\" content=\"https:\/\/www.facebook.com\/grip.angebotssoftware\" \/>\n<meta property=\"article:modified_time\" content=\"2016-02-18T14:25:34+00:00\" \/>\n<meta name=\"twitter:card\" content=\"summary_large_image\" \/>\n<meta name=\"twitter:site\" content=\"@grip_app\" \/>\n<script type=\"application\/ld+json\" class=\"yoast-schema-graph\">{\"@context\":\"https:\\\/\\\/schema.org\",\"@graph\":[{\"@type\":\"WebPage\",\"@id\":\"https:\\\/\\\/getgrip.de\\\/blog\\\/danke-fuer-die-bestaetigung\\\/\",\"url\":\"https:\\\/\\\/getgrip.de\\\/blog\\\/danke-fuer-die-bestaetigung\\\/\",\"name\":\"Danke f\u00fcr die Best\u00e4tigung - Grip Blog\",\"isPartOf\":{\"@id\":\"https:\\\/\\\/getgrip.de\\\/blog\\\/#website\"},\"datePublished\":\"2016-02-18T14:08:03+00:00\",\"dateModified\":\"2016-02-18T14:25:34+00:00\",\"inLanguage\":\"de\",\"potentialAction\":[{\"@type\":\"ReadAction\",\"target\":[\"https:\\\/\\\/getgrip.de\\\/blog\\\/danke-fuer-die-bestaetigung\\\/\"]}]},{\"@type\":\"WebSite\",\"@id\":\"https:\\\/\\\/getgrip.de\\\/blog\\\/#website\",\"url\":\"https:\\\/\\\/getgrip.de\\\/blog\\\/\",\"name\":\"Grip Blog\",\"description\":\"Professionelle Angebote schreiben. In Rekordzeit.\",\"publisher\":{\"@id\":\"https:\\\/\\\/getgrip.de\\\/blog\\\/#organization\"},\"potentialAction\":[{\"@type\":\"SearchAction\",\"target\":{\"@type\":\"EntryPoint\",\"urlTemplate\":\"https:\\\/\\\/getgrip.de\\\/blog\\\/?s={search_term_string}\"},\"query-input\":{\"@type\":\"PropertyValueSpecification\",\"valueRequired\":true,\"valueName\":\"search_term_string\"}}],\"inLanguage\":\"de\"},{\"@type\":\"Organization\",\"@id\":\"https:\\\/\\\/getgrip.de\\\/blog\\\/#organization\",\"name\":\"Grip by T8 Lab GmbH\",\"url\":\"https:\\\/\\\/getgrip.de\\\/blog\\\/\",\"logo\":{\"@type\":\"ImageObject\",\"inLanguage\":\"de\",\"@id\":\"https:\\\/\\\/getgrip.de\\\/blog\\\/#\\\/schema\\\/logo\\\/image\\\/\",\"url\":\"https:\\\/\\\/getgrip.de\\\/blog\\\/wp-content\\\/uploads\\\/2016\\\/01\\\/grip_inverse_sm.png\",\"contentUrl\":\"https:\\\/\\\/getgrip.de\\\/blog\\\/wp-content\\\/uploads\\\/2016\\\/01\\\/grip_inverse_sm.png\",\"width\":200,\"height\":51,\"caption\":\"Grip by T8 Lab GmbH\"},\"image\":{\"@id\":\"https:\\\/\\\/getgrip.de\\\/blog\\\/#\\\/schema\\\/logo\\\/image\\\/\"},\"sameAs\":[\"https:\\\/\\\/www.facebook.com\\\/grip.angebotssoftware\",\"https:\\\/\\\/x.com\\\/grip_app\"]}]}<\/script>\n<!-- \/ Yoast SEO plugin. -->","yoast_head_json":{"title":"Danke f\u00fcr die Best\u00e4tigung - Grip Blog","robots":{"index":"index","follow":"follow","max-snippet":"max-snippet:-1","max-image-preview":"max-image-preview:large","max-video-preview":"max-video-preview:-1"},"canonical":"https:\/\/getgrip.de\/blog\/danke-fuer-die-bestaetigung\/","og_locale":"de_DE","og_type":"article","og_title":"Danke f\u00fcr die Best\u00e4tigung - Grip Blog","og_description":"&nbsp; Die drei beliebtesten Artikel im Grip-Blog: Wie schreibt man ein \u00fcberzeugendes Webdesign-Angebot? Auftr\u00e4ge und Jobs f\u00fcr Webdesigner, Webentwickler, Programmierer und mehr Schlechte Kunden erkennen und zur H\u00f6lle schicken: So (&hellip;) Weiterlesen","og_url":"https:\/\/getgrip.de\/blog\/danke-fuer-die-bestaetigung\/","og_site_name":"Grip Blog","article_publisher":"https:\/\/www.facebook.com\/grip.angebotssoftware","article_modified_time":"2016-02-18T14:25:34+00:00","twitter_card":"summary_large_image","twitter_site":"@grip_app","schema":{"@context":"https:\/\/schema.org","@graph":[{"@type":"WebPage","@id":"https:\/\/getgrip.de\/blog\/danke-fuer-die-bestaetigung\/","url":"https:\/\/getgrip.de\/blog\/danke-fuer-die-bestaetigung\/","name":"Danke f\u00fcr die Best\u00e4tigung - Grip Blog","isPartOf":{"@id":"https:\/\/getgrip.de\/blog\/#website"},"datePublished":"2016-02-18T14:08:03+00:00","dateModified":"2016-02-18T14:25:34+00:00","inLanguage":"de","potentialAction":[{"@type":"ReadAction","target":["https:\/\/getgrip.de\/blog\/danke-fuer-die-bestaetigung\/"]}]},{"@type":"WebSite","@id":"https:\/\/getgrip.de\/blog\/#website","url":"https:\/\/getgrip.de\/blog\/","name":"Grip Blog","description":"Professionelle Angebote schreiben. In Rekordzeit.","publisher":{"@id":"https:\/\/getgrip.de\/blog\/#organization"},"potentialAction":[{"@type":"SearchAction","target":{"@type":"EntryPoint","urlTemplate":"https:\/\/getgrip.de\/blog\/?s={search_term_string}"},"query-input":{"@type":"PropertyValueSpecification","valueRequired":true,"valueName":"search_term_string"}}],"inLanguage":"de"},{"@type":"Organization","@id":"https:\/\/getgrip.de\/blog\/#organization","name":"Grip by T8 Lab GmbH","url":"https:\/\/getgrip.de\/blog\/","logo":{"@type":"ImageObject","inLanguage":"de","@id":"https:\/\/getgrip.de\/blog\/#\/schema\/logo\/image\/","url":"https:\/\/getgrip.de\/blog\/wp-content\/uploads\/2016\/01\/grip_inverse_sm.png","contentUrl":"https:\/\/getgrip.de\/blog\/wp-content\/uploads\/2016\/01\/grip_inverse_sm.png","width":200,"height":51,"caption":"Grip by T8 Lab GmbH"},"image":{"@id":"https:\/\/getgrip.de\/blog\/#\/schema\/logo\/image\/"},"sameAs":["https:\/\/www.facebook.com\/grip.angebotssoftware","https:\/\/x.com\/grip_app"]}]}},"_links":{"self":[{"href":"https:\/\/getgrip.de\/blog\/wp-json\/wp\/v2\/pages\/1015","targetHints":{"allow":["GET"]}}],"collection":[{"href":"https:\/\/getgrip.de\/blog\/wp-json\/wp\/v2\/pages"}],"about":[{"href":"https:\/\/getgrip.de\/blog\/wp-json\/wp\/v2\/types\/page"}],"author":[{"embeddable":true,"href":"https:\/\/getgrip.de\/blog\/wp-json\/wp\/v2\/users\/1"}],"replies":[{"embeddable":true,"href":"https:\/\/getgrip.de\/blog\/wp-json\/wp\/v2\/comments?post=1015"}],"version-history":[{"count":3,"href":"https:\/\/getgrip.de\/blog\/wp-json\/wp\/v2\/pages\/1015\/revisions"}],"predecessor-version":[{"id":1020,"href":"https:\/\/getgrip.de\/blog\/wp-json\/wp\/v2\/pages\/1015\/revisions\/1020"}],"wp:attachment":[{"href":"https:\/\/getgrip.de\/blog\/wp-json\/wp\/v2\/media?parent=1015"}],"curies":[{"name":"wp","href":"https:\/\/api.w.org\/{rel}","templated":true}]}}