{"id":523,"date":"2015-01-20T19:20:21","date_gmt":"2015-01-20T17:20:21","guid":{"rendered":"http:\/\/www.angebotssoftware.net\/blog\/?page_id=523"},"modified":"2024-11-18T16:24:18","modified_gmt":"2024-11-18T15:24:18","slug":"unterlagen","status":"publish","type":"page","link":"https:\/\/getgrip.de\/blog\/unterlagen\/","title":{"rendered":"Vorlagen und Checklisten f\u00fcr Webdesigner, Entwickler, SEOs und Co."},"content":{"rendered":"<div class=\"wp-block-image\">\n<figure class=\"alignleft\"><img loading=\"lazy\" decoding=\"async\" width=\"960\" height=\"540\" src=\"https:\/\/getgrip.de\/blog\/wp-content\/uploads\/2015\/11\/unterlagen.jpg\" alt=\"unterlagen\" class=\"wp-image-732\"\/><\/figure>\n<\/div>\n\n\n<p><\/p>\n\n\n\n<p>Als selbst\u00e4ndiger Webdesigner, Webentwickler, Softwareentwickler oder Berater hat man einiges an Papierkram und Formalit\u00e4ten zu erledigen. Folgende Unterlagen sollen dir beim Erstellen eigener Dokumente&nbsp;helfen. Die&nbsp;Unterlagen stellen wir dir kostenlos zur Verf\u00fcgung.<\/p>\n\n\n\n<h2 class=\"wp-block-heading\">Checkliste zum Angebotsschreiben<\/h2>\n\n\n\n<p>Das Angebotsschreiben ist h\u00e4ufig der entscheidende Schritt zwischen Kundengespr\u00e4ch und Auftrag. Die <a style=\"user-select: auto;\" title=\"Das Angebotsschreiben \u2013 eine Checkliste\" href=\"\/blog\/unterlagen\/checkliste-angebotsschreiben\/\">Checkliste<\/a> hilft dabei,&nbsp;die wichtigsten Punkte zu klar zu kommunizieren und den Abschluss zu suchen.<\/p>\n\n\n\n<h2 class=\"wp-block-heading\">Angebotsvorlage<\/h2>\n\n\n\n<p>Unsere Vorlagen f\u00fcr \u00fcberzeugende Angebote helfen Dir Zeit zu sparen und schaffen Inspiration f\u00fcr eigene Ideen und Formulierungen. Es gibt eine <a style=\"user-select: auto;\" title=\"Angebotsvorlage f\u00fcr Webdesign-Projekte\" href=\"https:\/\/getgrip.de\/vorlagen\/angebot\/webdesign\">Angebotsvorlage f\u00fcr Webdesign<\/a> und <a href=\"https:\/\/getgrip.de\/vorlagen\/angebot\">Angebotsvorlagen f\u00fcr weitere Branchen<\/a>.<\/p>\n\n\n\n<h2 class=\"wp-block-heading\">Rechnungsvorlage mit verschiedenen MwSt-S\u00e4tzen<\/h2>\n\n\n\n<p class=\"p1\"><span class=\"s1\" style=\"user-select: auto;\">Vorlage f\u00fcr die Erstellung professioneller Rechnungen mit Hilfe von Microsoft Office. Die Vorlage&nbsp;<\/span>verbindet die flexiblen Gestaltungsm\u00f6glichkeiten von Word mit der komfortablen Kalkulation von Excel. Sie unterst\u00fctzt verschiedene Mehrwertsteuers\u00e4tze sowie die automatische Berechnung des Rechnungsbetrags. Zur <a style=\"user-select: auto;\" title=\"Rechnungsvorlage f\u00fcr kreative Leistungen (MS-Office)\" href=\"https:\/\/getgrip.de\/blog\/unterlagen\/rechnungsvorlage-mit-verschiedenen-mwst-saetzen-fuer-ms-office\/\">Rechnungsvorlage f\u00fcr kreative Leistungen (MS-Office)<\/a>.<\/p>\n\n\n\n<h2 class=\"wp-block-heading p1\">Anzahlungsrechnung und Schlussrechnung (Muster)<\/h2>\n\n\n\n<p>Die eigene Liquidit\u00e4t mit Hilfe von Anzahlungen zu verbessern, ist grunds\u00e4tzlich eine sinnvolle Sache. Hier findest du Vorlagen f\u00fcr die Erstellung von Anzahlungs- und Schlussrechnung jeweils im Format f\u00fcr Microsoft Office sowie f\u00fcr Pages (Mac). Die Vorlagen sind mit automatischen Formeln ausgestattet und berechnen s\u00e4mtliche Summen, Steuerbetr\u00e4ge etc. automatisch. Zu den <a style=\"user-select: auto;\" href=\"https:\/\/getgrip.de\/blog\/unterlagen\/anzahlungsrechnung\/\">Vorlagen f\u00fcr Anzahlungsrechnung und Schlussrechnung<\/a>.<\/p>\n","protected":false},"excerpt":{"rendered":"<p>Als selbst\u00e4ndiger Webdesigner, Webentwickler, Softwareentwickler oder Berater hat man einiges an Papierkram und Formalit\u00e4ten zu erledigen. Folgende Unterlagen sollen dir beim Erstellen eigener Dokumente&nbsp;helfen. Die&nbsp;Unterlagen stellen wir dir kostenlos zur (&hellip;) <a href=\"https:\/\/getgrip.de\/blog\/unterlagen\/\">Weiterlesen<\/a><\/p>\n","protected":false},"author":1,"featured_media":732,"parent":0,"menu_order":0,"comment_status":"closed","ping_status":"closed","template":"","meta":{"footnotes":""},"class_list":["post-523","page","type-page","status-publish","has-post-thumbnail","hentry"],"yoast_head":"<!-- This site is optimized with the Yoast SEO plugin v27.5 - https:\/\/yoast.com\/product\/yoast-seo-wordpress\/ -->\n<title>Unterlagen f\u00fcr Webdesigner, Webentwickler, SEOs<\/title>\n<meta name=\"description\" content=\"Infos, Hilfsmittel und Unterlagen f\u00fcr Webdesigner, Webentwickler, SEOs &amp; Co.\" \/>\n<meta name=\"robots\" content=\"index, follow, max-snippet:-1, max-image-preview:large, max-video-preview:-1\" \/>\n<link rel=\"canonical\" href=\"https:\/\/getgrip.de\/blog\/unterlagen\/\" \/>\n<meta property=\"og:locale\" content=\"de_DE\" \/>\n<meta property=\"og:type\" content=\"article\" \/>\n<meta property=\"og:title\" content=\"Unterlagen f\u00fcr Webdesigner, Webentwickler, SEOs\" \/>\n<meta property=\"og:description\" content=\"Infos, Hilfsmittel und Unterlagen f\u00fcr Webdesigner, Webentwickler, SEOs &amp; Co.\" \/>\n<meta property=\"og:url\" content=\"https:\/\/getgrip.de\/blog\/unterlagen\/\" \/>\n<meta property=\"og:site_name\" content=\"Grip Blog\" \/>\n<meta property=\"article:publisher\" content=\"https:\/\/www.facebook.com\/grip.angebotssoftware\" \/>\n<meta property=\"article:modified_time\" content=\"2024-11-18T15:24:18+00:00\" \/>\n<meta property=\"og:image\" content=\"https:\/\/getgrip.de\/blog\/wp-content\/uploads\/2015\/11\/unterlagen.jpg\" \/>\n\t<meta property=\"og:image:width\" content=\"960\" \/>\n\t<meta property=\"og:image:height\" content=\"540\" \/>\n\t<meta property=\"og:image:type\" content=\"image\/jpeg\" \/>\n<meta name=\"twitter:card\" content=\"summary_large_image\" \/>\n<meta name=\"twitter:site\" content=\"@grip_app\" \/>\n<meta name=\"twitter:label1\" content=\"Gesch\u00e4tzte Lesezeit\" \/>\n\t<meta name=\"twitter:data1\" content=\"2\u00a0Minuten\" \/>\n<script type=\"application\/ld+json\" class=\"yoast-schema-graph\">{\"@context\":\"https:\\\/\\\/schema.org\",\"@graph\":[{\"@type\":\"WebPage\",\"@id\":\"https:\\\/\\\/getgrip.de\\\/blog\\\/unterlagen\\\/\",\"url\":\"https:\\\/\\\/getgrip.de\\\/blog\\\/unterlagen\\\/\",\"name\":\"Unterlagen f\u00fcr Webdesigner, Webentwickler, SEOs\",\"isPartOf\":{\"@id\":\"https:\\\/\\\/getgrip.de\\\/blog\\\/#website\"},\"primaryImageOfPage\":{\"@id\":\"https:\\\/\\\/getgrip.de\\\/blog\\\/unterlagen\\\/#primaryimage\"},\"image\":{\"@id\":\"https:\\\/\\\/getgrip.de\\\/blog\\\/unterlagen\\\/#primaryimage\"},\"thumbnailUrl\":\"https:\\\/\\\/getgrip.de\\\/blog\\\/wp-content\\\/uploads\\\/2015\\\/11\\\/unterlagen.jpg\",\"datePublished\":\"2015-01-20T17:20:21+00:00\",\"dateModified\":\"2024-11-18T15:24:18+00:00\",\"description\":\"Infos, Hilfsmittel und Unterlagen f\u00fcr Webdesigner, Webentwickler, SEOs & Co.\",\"inLanguage\":\"de\",\"potentialAction\":[{\"@type\":\"ReadAction\",\"target\":[\"https:\\\/\\\/getgrip.de\\\/blog\\\/unterlagen\\\/\"]}]},{\"@type\":\"ImageObject\",\"inLanguage\":\"de\",\"@id\":\"https:\\\/\\\/getgrip.de\\\/blog\\\/unterlagen\\\/#primaryimage\",\"url\":\"https:\\\/\\\/getgrip.de\\\/blog\\\/wp-content\\\/uploads\\\/2015\\\/11\\\/unterlagen.jpg\",\"contentUrl\":\"https:\\\/\\\/getgrip.de\\\/blog\\\/wp-content\\\/uploads\\\/2015\\\/11\\\/unterlagen.jpg\",\"width\":960,\"height\":540,\"caption\":\"unterlagen\"},{\"@type\":\"WebSite\",\"@id\":\"https:\\\/\\\/getgrip.de\\\/blog\\\/#website\",\"url\":\"https:\\\/\\\/getgrip.de\\\/blog\\\/\",\"name\":\"Grip Blog\",\"description\":\"Professionelle Angebote schreiben. In Rekordzeit.\",\"publisher\":{\"@id\":\"https:\\\/\\\/getgrip.de\\\/blog\\\/#organization\"},\"potentialAction\":[{\"@type\":\"SearchAction\",\"target\":{\"@type\":\"EntryPoint\",\"urlTemplate\":\"https:\\\/\\\/getgrip.de\\\/blog\\\/?s={search_term_string}\"},\"query-input\":{\"@type\":\"PropertyValueSpecification\",\"valueRequired\":true,\"valueName\":\"search_term_string\"}}],\"inLanguage\":\"de\"},{\"@type\":\"Organization\",\"@id\":\"https:\\\/\\\/getgrip.de\\\/blog\\\/#organization\",\"name\":\"Grip by T8 Lab GmbH\",\"url\":\"https:\\\/\\\/getgrip.de\\\/blog\\\/\",\"logo\":{\"@type\":\"ImageObject\",\"inLanguage\":\"de\",\"@id\":\"https:\\\/\\\/getgrip.de\\\/blog\\\/#\\\/schema\\\/logo\\\/image\\\/\",\"url\":\"https:\\\/\\\/getgrip.de\\\/blog\\\/wp-content\\\/uploads\\\/2016\\\/01\\\/grip_inverse_sm.png\",\"contentUrl\":\"https:\\\/\\\/getgrip.de\\\/blog\\\/wp-content\\\/uploads\\\/2016\\\/01\\\/grip_inverse_sm.png\",\"width\":200,\"height\":51,\"caption\":\"Grip by T8 Lab GmbH\"},\"image\":{\"@id\":\"https:\\\/\\\/getgrip.de\\\/blog\\\/#\\\/schema\\\/logo\\\/image\\\/\"},\"sameAs\":[\"https:\\\/\\\/www.facebook.com\\\/grip.angebotssoftware\",\"https:\\\/\\\/x.com\\\/grip_app\"]}]}<\/script>\n<!-- \/ Yoast SEO plugin. -->","yoast_head_json":{"title":"Unterlagen f\u00fcr Webdesigner, Webentwickler, SEOs","description":"Infos, Hilfsmittel und Unterlagen f\u00fcr Webdesigner, Webentwickler, SEOs & Co.","robots":{"index":"index","follow":"follow","max-snippet":"max-snippet:-1","max-image-preview":"max-image-preview:large","max-video-preview":"max-video-preview:-1"},"canonical":"https:\/\/getgrip.de\/blog\/unterlagen\/","og_locale":"de_DE","og_type":"article","og_title":"Unterlagen f\u00fcr Webdesigner, Webentwickler, SEOs","og_description":"Infos, Hilfsmittel und Unterlagen f\u00fcr Webdesigner, Webentwickler, SEOs & Co.","og_url":"https:\/\/getgrip.de\/blog\/unterlagen\/","og_site_name":"Grip Blog","article_publisher":"https:\/\/www.facebook.com\/grip.angebotssoftware","article_modified_time":"2024-11-18T15:24:18+00:00","og_image":[{"width":960,"height":540,"url":"https:\/\/getgrip.de\/blog\/wp-content\/uploads\/2015\/11\/unterlagen.jpg","type":"image\/jpeg"}],"twitter_card":"summary_large_image","twitter_site":"@grip_app","twitter_misc":{"Gesch\u00e4tzte Lesezeit":"2\u00a0Minuten"},"schema":{"@context":"https:\/\/schema.org","@graph":[{"@type":"WebPage","@id":"https:\/\/getgrip.de\/blog\/unterlagen\/","url":"https:\/\/getgrip.de\/blog\/unterlagen\/","name":"Unterlagen f\u00fcr Webdesigner, Webentwickler, SEOs","isPartOf":{"@id":"https:\/\/getgrip.de\/blog\/#website"},"primaryImageOfPage":{"@id":"https:\/\/getgrip.de\/blog\/unterlagen\/#primaryimage"},"image":{"@id":"https:\/\/getgrip.de\/blog\/unterlagen\/#primaryimage"},"thumbnailUrl":"https:\/\/getgrip.de\/blog\/wp-content\/uploads\/2015\/11\/unterlagen.jpg","datePublished":"2015-01-20T17:20:21+00:00","dateModified":"2024-11-18T15:24:18+00:00","description":"Infos, Hilfsmittel und Unterlagen f\u00fcr Webdesigner, Webentwickler, SEOs & Co.","inLanguage":"de","potentialAction":[{"@type":"ReadAction","target":["https:\/\/getgrip.de\/blog\/unterlagen\/"]}]},{"@type":"ImageObject","inLanguage":"de","@id":"https:\/\/getgrip.de\/blog\/unterlagen\/#primaryimage","url":"https:\/\/getgrip.de\/blog\/wp-content\/uploads\/2015\/11\/unterlagen.jpg","contentUrl":"https:\/\/getgrip.de\/blog\/wp-content\/uploads\/2015\/11\/unterlagen.jpg","width":960,"height":540,"caption":"unterlagen"},{"@type":"WebSite","@id":"https:\/\/getgrip.de\/blog\/#website","url":"https:\/\/getgrip.de\/blog\/","name":"Grip Blog","description":"Professionelle Angebote schreiben. In Rekordzeit.","publisher":{"@id":"https:\/\/getgrip.de\/blog\/#organization"},"potentialAction":[{"@type":"SearchAction","target":{"@type":"EntryPoint","urlTemplate":"https:\/\/getgrip.de\/blog\/?s={search_term_string}"},"query-input":{"@type":"PropertyValueSpecification","valueRequired":true,"valueName":"search_term_string"}}],"inLanguage":"de"},{"@type":"Organization","@id":"https:\/\/getgrip.de\/blog\/#organization","name":"Grip by T8 Lab GmbH","url":"https:\/\/getgrip.de\/blog\/","logo":{"@type":"ImageObject","inLanguage":"de","@id":"https:\/\/getgrip.de\/blog\/#\/schema\/logo\/image\/","url":"https:\/\/getgrip.de\/blog\/wp-content\/uploads\/2016\/01\/grip_inverse_sm.png","contentUrl":"https:\/\/getgrip.de\/blog\/wp-content\/uploads\/2016\/01\/grip_inverse_sm.png","width":200,"height":51,"caption":"Grip by T8 Lab GmbH"},"image":{"@id":"https:\/\/getgrip.de\/blog\/#\/schema\/logo\/image\/"},"sameAs":["https:\/\/www.facebook.com\/grip.angebotssoftware","https:\/\/x.com\/grip_app"]}]}},"_links":{"self":[{"href":"https:\/\/getgrip.de\/blog\/wp-json\/wp\/v2\/pages\/523","targetHints":{"allow":["GET"]}}],"collection":[{"href":"https:\/\/getgrip.de\/blog\/wp-json\/wp\/v2\/pages"}],"about":[{"href":"https:\/\/getgrip.de\/blog\/wp-json\/wp\/v2\/types\/page"}],"author":[{"embeddable":true,"href":"https:\/\/getgrip.de\/blog\/wp-json\/wp\/v2\/users\/1"}],"replies":[{"embeddable":true,"href":"https:\/\/getgrip.de\/blog\/wp-json\/wp\/v2\/comments?post=523"}],"version-history":[{"count":11,"href":"https:\/\/getgrip.de\/blog\/wp-json\/wp\/v2\/pages\/523\/revisions"}],"predecessor-version":[{"id":1841,"href":"https:\/\/getgrip.de\/blog\/wp-json\/wp\/v2\/pages\/523\/revisions\/1841"}],"wp:featuredmedia":[{"embeddable":true,"href":"https:\/\/getgrip.de\/blog\/wp-json\/wp\/v2\/media\/732"}],"wp:attachment":[{"href":"https:\/\/getgrip.de\/blog\/wp-json\/wp\/v2\/media?parent=523"}],"curies":[{"name":"wp","href":"https:\/\/api.w.org\/{rel}","templated":true}]}}