{"id":664,"date":"2015-11-03T22:16:16","date_gmt":"2015-11-03T21:16:16","guid":{"rendered":"http:\/\/blog.getgrip.de\/?page_id=664"},"modified":"2018-05-21T15:36:07","modified_gmt":"2018-05-21T13:36:07","slug":"anzahlungsrechnung","status":"publish","type":"page","link":"https:\/\/getgrip.de\/blog\/unterlagen\/anzahlungsrechnung\/","title":{"rendered":"Anzahlungsrechnung"},"content":{"rendered":"<p>Eine <a href=\"https:\/\/de.wikipedia.org\/wiki\/Anzahlung\">Anzahlung<\/a> auf die Projektabrechnung reduziert das Risiko eines Zahlungsausfalls erheblich. Zur Anzahlungsrechnung geh\u00f6rt auch eine Schlussrechnung, auch Endrechnung genannt. Wir haben f\u00fcr dich jeweils ein Muster einer Anzahlungsrechnung und einer Schlussrechnung entworfen. Die Muster berechnen die relevanten Betr\u00e4ge automatisch. Du musst nur Einzelpreis(e) und Anzahlung eingeben.<\/p>\n<p>Die\u00a0Vorlagen f\u00fcr Anzahlungs- sowie Schlussrechnung gibt es im Format f\u00fcr MS Office und Pages (Mac).<\/p>\n<p><a class=\"download-button\" href=\"https:\/\/getgrip.de\/blog\/wp-content\/uploads\/2015\/11\/Muster_Anzahlungsrechnung_MS-Office.zip\">Muster-Anzahlungsrechnung f\u00fcr MS-Office<\/a><\/p>\n<p><a href=\"https:\/\/getgrip.de\/blog\/wp-content\/uploads\/2015\/11\/Muster_Anzahlungsrechnung_Pages.zip\">Muster-Anzahlungsrechnung f\u00fcr Pages<\/a><\/p>\n<div id=\"attachment_672\" style=\"width: 310px\" class=\"wp-caption alignleft\"><a href=\"https:\/\/getgrip.de\/blog\/wp-content\/uploads\/2015\/11\/Muster_Anzahlungsrechnung.png\"><img loading=\"lazy\" decoding=\"async\" aria-describedby=\"caption-attachment-672\" class=\"size-full wp-image-672\" src=\"https:\/\/getgrip.de\/blog\/wp-content\/uploads\/2015\/11\/Muster_Anzahlungsrechnung-klein.png\" alt=\"Muster Anzahlungsrechnung\" width=\"300\" height=\"300\" \/><\/a><p id=\"caption-attachment-672\" class=\"wp-caption-text\">Anzahlungsrechnung (Muster)<\/p><\/div>\n<h2>Warum brauche ich eine Anzahlungsrechnung?<\/h2>\n<p>Wer als selbst\u00e4ndiger Webdesigner, Softwareentwickler, SEO etc. mit seinen Kunden nichts anderes vereinbart, muss die Leistung vollst\u00e4ndig erbracht haben, bevor er oder sie eine Rechnung stellen darf. Bei umfangreicheren Projekten kann sich die Leistungserbringung \u00fcber Monate erstrecken, sodass man hohe Vorleistungen erbringen muss. Dadurch setzt man sich mehreren Risiken aus:<\/p>\n<ol>\n<li>Der Kunde wird zahlungsunf\u00e4hig. Dann kannst du dich freuen, wenn du \u00fcberhaupt noch einen Teil deines Honorars erh\u00e4ltst. Das ist immer \u00e4u\u00dferst unsch\u00f6n, aber wenn die Insolvenz des Kunden kurz vor Projektabnahme eintritt (oder du es erst dann mitkriegst), ist das der Super-GAU. Die Arbeit ist (komplett) geleistet und bezahlt wird bestenfalls ein Teil davon.<\/li>\n<li>Der Kunde z\u00f6gert die Abnahme und\/oder die Zahlung hinaus. Dies kann willentlich oder gezwungenerma\u00dfen bzw. durch h\u00f6here Gewalt geschehen. Dadurch erh\u00e4ltst du dein Honorar sp\u00e4ter als erwartet, was deine eigene Liquidit\u00e4t gef\u00e4hrdet.<\/li>\n<\/ol>\n<p>Um diese Risiken abzumildern, solltest\u00a0du mit dem Kunden eine Anzahlung vereinbaren.<\/p>\n<h2>Wie hoch soll die Anzahlung z.B.\u00a0bei\u00a0Webdesign oder Webentwicklung\u00a0sein?<\/h2>\n<p>Empfehlenswert sind 30 bis 50 Prozent des Gesamtpreises.<\/p>\n<p>Damit bekr\u00e4ftigt einerseits der Auftraggeber den Vertragsschluss und zeigt, dass er es ernst meint. Das alleine ist Gold wert! Andererseits reduziert eine Anzahlung dein finanzielles Risiko als Auftragnehmer erheblich. Du gehst nicht mit deiner kompletten Dienstleistung in Vorleistung, sondern nur mit dem Teil, der die Anzahlung \u00fcbersteigt. So gehen bei diesem Verfahren beide Seiten in Vorleistung, was als fairen Ansatz betrachten kann.<\/p>\n<h2>Was ist mit der Umsatzsteuer in der Anzahlungsrechnung<\/h2>\n<p>Anzahlungen unterliegen der\u00a0Umsatzsteuer. Daher m\u00fcssen Anzahlungsrechnungen Umsatzsteuer ausweisen. Mit unserer\u00a0Vorlage geschieht dies automatisch.<\/p>\n<p>Die Umsatzsteuer wird f\u00e4llig, wenn\u00a0du die Anzahlung erhalten hast. Anders ausgedr\u00fcckt:\u00a0die\u00a0Umsatzsteuer-Voranmeldung der Anzahlung erfolgt im Monat des Erhalts der Anzahlung. Und so wird die <a href=\"http:\/\/buchhaltung-lernen.de\/buchen-buchung\/erhaltene-anzahlungen-buchen.html\">Anzahlung verbucht<\/a>.<\/p>\n<h2>Was passiert in der Schlussrechnung?<\/h2>\n<p>In der Schlussrechnung verrechnest du dann die Anzahlung mit der Gesamtleistung und ermittelst den Restbetrag, den der Kunde noch zu bezahlen hat. Auch das Muster f\u00fcr die Schlussrechnung enth\u00e4lt eine automatische Berechnung der relevanten Betr\u00e4ge inklusive des Restbetrags.<\/p>\n<h2>Weiterf\u00fchrende Literatur und Links<\/h2>\n<ul>\n<li><a href=\"https:\/\/de.wikipedia.org\/wiki\/Rechnung\">Rechnung &#8211; Details und Regelungen bei Wikipedia<\/a><\/li>\n<li><a href=\"http:\/\/www.gesetze-im-internet.de\/ustg_1980\/__14.html\">Ausstellung von Rechnungen &#8211; \u00a7 14 Umsatzsteuergesetz (UStG)<\/a><\/li>\n<li>Kommentierte <a href=\"https:\/\/www.ihk-berlin.de\/blob\/bihk24\/recht_und_steuern\/Steuern_und_Finanzen\/Download\/2264716\/e1bcf23459f565231afb651fd39297f9\/Musterrechnung_Anzahlung-data.pdf\">Anzahlungsrechnung<\/a> und <a href=\"https:\/\/www.ihk-berlin.de\/blob\/bihk24\/recht_und_steuern\/Steuern_und_Finanzen\/Download\/2264702\/f828055511cb0551ec8b1fc2428ae799\/Musterrechnung_nach_Anzahlung-data.pdf\">Schlussrechnung<\/a> der IHK Berlin<\/li>\n<\/ul>\n<h2>Haftungsausschluss<\/h2>\n<p>Diese Informationen sowie die Musterdokumente wurden nach bestem Wissen aus meiner eigenen, \u00fcber 10-j\u00e4hrigen Selbst\u00e4ndigkeit entworfen. Ich kann mit gutem Gewissen sagen, dass ich sie f\u00fcr korrekt halte. Trotzdem weise ich darauf hin, dass ich weder Rechtsanwalt noch Steuerberater bin und f\u00fcr die Folgen ihrer Verwendung jegliche Haftung ausschlie\u00dfe. Steuern und Recht sind komplexe Themen und die jeweiligen pers\u00f6nlichen Konstellationen vielf\u00e4ltig. Dieser Artikel kann und will eine Beratung durch\u00a0einen Anwalt und\/oder Steuerberater <strong>nicht<\/strong> ersetzen.<\/p>\n","protected":false},"excerpt":{"rendered":"<p>Eine Anzahlung auf die Projektabrechnung reduziert das Risiko eines Zahlungsausfalls erheblich. Zur Anzahlungsrechnung geh\u00f6rt auch eine Schlussrechnung, auch Endrechnung genannt. Wir haben f\u00fcr dich jeweils ein Muster einer Anzahlungsrechnung und (&hellip;) <a href=\"https:\/\/getgrip.de\/blog\/unterlagen\/anzahlungsrechnung\/\">Weiterlesen<\/a><\/p>\n","protected":false},"author":1,"featured_media":0,"parent":523,"menu_order":0,"comment_status":"closed","ping_status":"closed","template":"","meta":{"footnotes":""},"class_list":["post-664","page","type-page","status-publish","hentry"],"yoast_head":"<!-- This site is optimized with the Yoast SEO plugin v27.4 - https:\/\/yoast.com\/product\/yoast-seo-wordpress\/ -->\n<title>Anzahlungsrechnung - kostenloses Muster zum Download<\/title>\n<meta name=\"description\" content=\"Anzahlungsrechnung und Schlussrechnung als kostenlose Vorlagen f\u00fcr MS Office und Pages (Mac). Unsere Muster machen Anzahlung und Endabrechnung leicht.\" \/>\n<meta name=\"robots\" content=\"index, follow, max-snippet:-1, max-image-preview:large, max-video-preview:-1\" \/>\n<link rel=\"canonical\" href=\"https:\/\/getgrip.de\/blog\/unterlagen\/anzahlungsrechnung\/\" \/>\n<meta property=\"og:locale\" content=\"de_DE\" \/>\n<meta property=\"og:type\" content=\"article\" \/>\n<meta property=\"og:title\" content=\"Anzahlungsrechnung - kostenloses Muster zum Download\" \/>\n<meta property=\"og:description\" content=\"Anzahlungsrechnung und Schlussrechnung als kostenlose Vorlagen f\u00fcr MS Office und Pages (Mac). Unsere Muster machen Anzahlung und Endabrechnung leicht.\" \/>\n<meta property=\"og:url\" content=\"https:\/\/getgrip.de\/blog\/unterlagen\/anzahlungsrechnung\/\" \/>\n<meta property=\"og:site_name\" content=\"Grip Blog\" \/>\n<meta property=\"article:publisher\" content=\"https:\/\/www.facebook.com\/grip.angebotssoftware\" \/>\n<meta property=\"article:modified_time\" content=\"2018-05-21T13:36:07+00:00\" \/>\n<meta property=\"og:image\" content=\"https:\/\/getgrip.de\/blog\/wp-content\/uploads\/2015\/11\/Muster_Anzahlungsrechnung-klein.png\" \/>\n<meta name=\"twitter:card\" content=\"summary_large_image\" \/>\n<meta name=\"twitter:site\" content=\"@grip_app\" \/>\n<meta name=\"twitter:label1\" content=\"Gesch\u00e4tzte Lesezeit\" \/>\n\t<meta name=\"twitter:data1\" content=\"3\u00a0Minuten\" \/>\n<script type=\"application\/ld+json\" class=\"yoast-schema-graph\">{\"@context\":\"https:\\\/\\\/schema.org\",\"@graph\":[{\"@type\":\"WebPage\",\"@id\":\"https:\\\/\\\/getgrip.de\\\/blog\\\/unterlagen\\\/anzahlungsrechnung\\\/\",\"url\":\"https:\\\/\\\/getgrip.de\\\/blog\\\/unterlagen\\\/anzahlungsrechnung\\\/\",\"name\":\"Anzahlungsrechnung - kostenloses Muster zum Download\",\"isPartOf\":{\"@id\":\"https:\\\/\\\/getgrip.de\\\/blog\\\/#website\"},\"primaryImageOfPage\":{\"@id\":\"https:\\\/\\\/getgrip.de\\\/blog\\\/unterlagen\\\/anzahlungsrechnung\\\/#primaryimage\"},\"image\":{\"@id\":\"https:\\\/\\\/getgrip.de\\\/blog\\\/unterlagen\\\/anzahlungsrechnung\\\/#primaryimage\"},\"thumbnailUrl\":\"https:\\\/\\\/getgrip.de\\\/blog\\\/wp-content\\\/uploads\\\/2015\\\/11\\\/Muster_Anzahlungsrechnung-klein.png\",\"datePublished\":\"2015-11-03T21:16:16+00:00\",\"dateModified\":\"2018-05-21T13:36:07+00:00\",\"description\":\"Anzahlungsrechnung und Schlussrechnung als kostenlose Vorlagen f\u00fcr MS Office und Pages (Mac). Unsere Muster machen Anzahlung und Endabrechnung leicht.\",\"breadcrumb\":{\"@id\":\"https:\\\/\\\/getgrip.de\\\/blog\\\/unterlagen\\\/anzahlungsrechnung\\\/#breadcrumb\"},\"inLanguage\":\"de\",\"potentialAction\":[{\"@type\":\"ReadAction\",\"target\":[\"https:\\\/\\\/getgrip.de\\\/blog\\\/unterlagen\\\/anzahlungsrechnung\\\/\"]}]},{\"@type\":\"ImageObject\",\"inLanguage\":\"de\",\"@id\":\"https:\\\/\\\/getgrip.de\\\/blog\\\/unterlagen\\\/anzahlungsrechnung\\\/#primaryimage\",\"url\":\"https:\\\/\\\/getgrip.de\\\/blog\\\/wp-content\\\/uploads\\\/2015\\\/11\\\/Muster_Anzahlungsrechnung-klein.png\",\"contentUrl\":\"https:\\\/\\\/getgrip.de\\\/blog\\\/wp-content\\\/uploads\\\/2015\\\/11\\\/Muster_Anzahlungsrechnung-klein.png\",\"width\":300,\"height\":300,\"caption\":\"Anzahlungsrechnung (Muster)\"},{\"@type\":\"BreadcrumbList\",\"@id\":\"https:\\\/\\\/getgrip.de\\\/blog\\\/unterlagen\\\/anzahlungsrechnung\\\/#breadcrumb\",\"itemListElement\":[{\"@type\":\"ListItem\",\"position\":1,\"name\":\"Vorlagen und Checklisten f\u00fcr Webdesigner, Entwickler, SEOs und Co.\",\"item\":\"https:\\\/\\\/getgrip.de\\\/blog\\\/unterlagen\\\/\"},{\"@type\":\"ListItem\",\"position\":2,\"name\":\"Anzahlungsrechnung\"}]},{\"@type\":\"WebSite\",\"@id\":\"https:\\\/\\\/getgrip.de\\\/blog\\\/#website\",\"url\":\"https:\\\/\\\/getgrip.de\\\/blog\\\/\",\"name\":\"Grip Blog\",\"description\":\"Professionelle Angebote schreiben. In Rekordzeit.\",\"publisher\":{\"@id\":\"https:\\\/\\\/getgrip.de\\\/blog\\\/#organization\"},\"potentialAction\":[{\"@type\":\"SearchAction\",\"target\":{\"@type\":\"EntryPoint\",\"urlTemplate\":\"https:\\\/\\\/getgrip.de\\\/blog\\\/?s={search_term_string}\"},\"query-input\":{\"@type\":\"PropertyValueSpecification\",\"valueRequired\":true,\"valueName\":\"search_term_string\"}}],\"inLanguage\":\"de\"},{\"@type\":\"Organization\",\"@id\":\"https:\\\/\\\/getgrip.de\\\/blog\\\/#organization\",\"name\":\"Grip by T8 Lab GmbH\",\"url\":\"https:\\\/\\\/getgrip.de\\\/blog\\\/\",\"logo\":{\"@type\":\"ImageObject\",\"inLanguage\":\"de\",\"@id\":\"https:\\\/\\\/getgrip.de\\\/blog\\\/#\\\/schema\\\/logo\\\/image\\\/\",\"url\":\"https:\\\/\\\/getgrip.de\\\/blog\\\/wp-content\\\/uploads\\\/2016\\\/01\\\/grip_inverse_sm.png\",\"contentUrl\":\"https:\\\/\\\/getgrip.de\\\/blog\\\/wp-content\\\/uploads\\\/2016\\\/01\\\/grip_inverse_sm.png\",\"width\":200,\"height\":51,\"caption\":\"Grip by T8 Lab GmbH\"},\"image\":{\"@id\":\"https:\\\/\\\/getgrip.de\\\/blog\\\/#\\\/schema\\\/logo\\\/image\\\/\"},\"sameAs\":[\"https:\\\/\\\/www.facebook.com\\\/grip.angebotssoftware\",\"https:\\\/\\\/x.com\\\/grip_app\"]}]}<\/script>\n<!-- \/ Yoast SEO plugin. -->","yoast_head_json":{"title":"Anzahlungsrechnung - kostenloses Muster zum Download","description":"Anzahlungsrechnung und Schlussrechnung als kostenlose Vorlagen f\u00fcr MS Office und Pages (Mac). Unsere Muster machen Anzahlung und Endabrechnung leicht.","robots":{"index":"index","follow":"follow","max-snippet":"max-snippet:-1","max-image-preview":"max-image-preview:large","max-video-preview":"max-video-preview:-1"},"canonical":"https:\/\/getgrip.de\/blog\/unterlagen\/anzahlungsrechnung\/","og_locale":"de_DE","og_type":"article","og_title":"Anzahlungsrechnung - kostenloses Muster zum Download","og_description":"Anzahlungsrechnung und Schlussrechnung als kostenlose Vorlagen f\u00fcr MS Office und Pages (Mac). Unsere Muster machen Anzahlung und Endabrechnung leicht.","og_url":"https:\/\/getgrip.de\/blog\/unterlagen\/anzahlungsrechnung\/","og_site_name":"Grip Blog","article_publisher":"https:\/\/www.facebook.com\/grip.angebotssoftware","article_modified_time":"2018-05-21T13:36:07+00:00","og_image":[{"url":"https:\/\/getgrip.de\/blog\/wp-content\/uploads\/2015\/11\/Muster_Anzahlungsrechnung-klein.png","type":"","width":"","height":""}],"twitter_card":"summary_large_image","twitter_site":"@grip_app","twitter_misc":{"Gesch\u00e4tzte Lesezeit":"3\u00a0Minuten"},"schema":{"@context":"https:\/\/schema.org","@graph":[{"@type":"WebPage","@id":"https:\/\/getgrip.de\/blog\/unterlagen\/anzahlungsrechnung\/","url":"https:\/\/getgrip.de\/blog\/unterlagen\/anzahlungsrechnung\/","name":"Anzahlungsrechnung - kostenloses Muster zum Download","isPartOf":{"@id":"https:\/\/getgrip.de\/blog\/#website"},"primaryImageOfPage":{"@id":"https:\/\/getgrip.de\/blog\/unterlagen\/anzahlungsrechnung\/#primaryimage"},"image":{"@id":"https:\/\/getgrip.de\/blog\/unterlagen\/anzahlungsrechnung\/#primaryimage"},"thumbnailUrl":"https:\/\/getgrip.de\/blog\/wp-content\/uploads\/2015\/11\/Muster_Anzahlungsrechnung-klein.png","datePublished":"2015-11-03T21:16:16+00:00","dateModified":"2018-05-21T13:36:07+00:00","description":"Anzahlungsrechnung und Schlussrechnung als kostenlose Vorlagen f\u00fcr MS Office und Pages (Mac). Unsere Muster machen Anzahlung und Endabrechnung leicht.","breadcrumb":{"@id":"https:\/\/getgrip.de\/blog\/unterlagen\/anzahlungsrechnung\/#breadcrumb"},"inLanguage":"de","potentialAction":[{"@type":"ReadAction","target":["https:\/\/getgrip.de\/blog\/unterlagen\/anzahlungsrechnung\/"]}]},{"@type":"ImageObject","inLanguage":"de","@id":"https:\/\/getgrip.de\/blog\/unterlagen\/anzahlungsrechnung\/#primaryimage","url":"https:\/\/getgrip.de\/blog\/wp-content\/uploads\/2015\/11\/Muster_Anzahlungsrechnung-klein.png","contentUrl":"https:\/\/getgrip.de\/blog\/wp-content\/uploads\/2015\/11\/Muster_Anzahlungsrechnung-klein.png","width":300,"height":300,"caption":"Anzahlungsrechnung (Muster)"},{"@type":"BreadcrumbList","@id":"https:\/\/getgrip.de\/blog\/unterlagen\/anzahlungsrechnung\/#breadcrumb","itemListElement":[{"@type":"ListItem","position":1,"name":"Vorlagen und Checklisten f\u00fcr Webdesigner, Entwickler, SEOs und Co.","item":"https:\/\/getgrip.de\/blog\/unterlagen\/"},{"@type":"ListItem","position":2,"name":"Anzahlungsrechnung"}]},{"@type":"WebSite","@id":"https:\/\/getgrip.de\/blog\/#website","url":"https:\/\/getgrip.de\/blog\/","name":"Grip Blog","description":"Professionelle Angebote schreiben. In Rekordzeit.","publisher":{"@id":"https:\/\/getgrip.de\/blog\/#organization"},"potentialAction":[{"@type":"SearchAction","target":{"@type":"EntryPoint","urlTemplate":"https:\/\/getgrip.de\/blog\/?s={search_term_string}"},"query-input":{"@type":"PropertyValueSpecification","valueRequired":true,"valueName":"search_term_string"}}],"inLanguage":"de"},{"@type":"Organization","@id":"https:\/\/getgrip.de\/blog\/#organization","name":"Grip by T8 Lab GmbH","url":"https:\/\/getgrip.de\/blog\/","logo":{"@type":"ImageObject","inLanguage":"de","@id":"https:\/\/getgrip.de\/blog\/#\/schema\/logo\/image\/","url":"https:\/\/getgrip.de\/blog\/wp-content\/uploads\/2016\/01\/grip_inverse_sm.png","contentUrl":"https:\/\/getgrip.de\/blog\/wp-content\/uploads\/2016\/01\/grip_inverse_sm.png","width":200,"height":51,"caption":"Grip by T8 Lab GmbH"},"image":{"@id":"https:\/\/getgrip.de\/blog\/#\/schema\/logo\/image\/"},"sameAs":["https:\/\/www.facebook.com\/grip.angebotssoftware","https:\/\/x.com\/grip_app"]}]}},"_links":{"self":[{"href":"https:\/\/getgrip.de\/blog\/wp-json\/wp\/v2\/pages\/664","targetHints":{"allow":["GET"]}}],"collection":[{"href":"https:\/\/getgrip.de\/blog\/wp-json\/wp\/v2\/pages"}],"about":[{"href":"https:\/\/getgrip.de\/blog\/wp-json\/wp\/v2\/types\/page"}],"author":[{"embeddable":true,"href":"https:\/\/getgrip.de\/blog\/wp-json\/wp\/v2\/users\/1"}],"replies":[{"embeddable":true,"href":"https:\/\/getgrip.de\/blog\/wp-json\/wp\/v2\/comments?post=664"}],"version-history":[{"count":19,"href":"https:\/\/getgrip.de\/blog\/wp-json\/wp\/v2\/pages\/664\/revisions"}],"predecessor-version":[{"id":1584,"href":"https:\/\/getgrip.de\/blog\/wp-json\/wp\/v2\/pages\/664\/revisions\/1584"}],"up":[{"embeddable":true,"href":"https:\/\/getgrip.de\/blog\/wp-json\/wp\/v2\/pages\/523"}],"wp:attachment":[{"href":"https:\/\/getgrip.de\/blog\/wp-json\/wp\/v2\/media?parent=664"}],"curies":[{"name":"wp","href":"https:\/\/api.w.org\/{rel}","templated":true}]}}